{"text_format":"1","workbook":"xlsx","n_sheets":4,"sheets":["Needs Assessment","Criteria","APAC Indices","DRI Database"],"not_rendered":{"charts":0,"images":1,"macros":1,"external_links":0,"defined_names":36,"comments":0,"pivot_tables":0},"unopened":[],"bounds":{"document_bytes":16777216,"sheet_cells":100000,"rows_first":2000,"rows_last":500,"rows_between":2000,"halvings":0,"cell_chars":16384,"cell_head_chars":4096},"cells_cut":0,"cells_raw":0,"read":"whole","date_system":"1900"}

{"sheet":"Needs Assessment","index":0,"n_rows":133,"n_cols":25,"rows_kept":133,"cut":false,"hidden":false,"merged":[[58,17,58,19],[50,3,50,15],[53,16,53,20],[61,3,61,15],[34,17,34,19],[46,3,46,15],[49,17,49,19],[54,17,54,19],[55,17,55,19],[56,17,56,19],[57,17,57,19],[38,16,38,20],[79,3,79,15],[103,17,103,19],[111,17,111,19],[115,17,115,19],[119,17,119,19],[103,3,103,15],[107,17,107,19],[99,17,99,19],[112,3,112,15],[116,3,116,15],[72,17,72,19],[79,17,79,19],[83,17,83,19],[91,17,91,19],[95,17,95,19],[73,17,73,19],[74,17,74,19],[75,17,75,19],[133,3,133,15],[39,17,39,19],[40,17,40,19],[41,17,41,19],[42,17,42,19],[43,17,43,19],[44,17,44,19],[45,17,45,19],[92,3,92,15],[96,3,96,15],[100,3,100,15],[108,3,108,15],[76,3,76,15],[80,3,80,15],[84,3,84,15],[87,17,87,19],[65,3,65,15],[69,3,69,15],[59,17,59,19],[60,17,60,19],[64,17,64,19],[68,17,68,19],[64,3,64,15],[4,3,5,19],[8,17,8,19],[30,17,30,19],[31,3,31,15],[11,17,11,19],[15,19,15,20],[18,17,18,19],[25,3,27,15],[22,17,22,19],[23,3,23,15],[26,17,26,19]]}
[]
[]
[null,null,null,"DIGITAL TWIN NEEDS ASSESSMENT"]
[null,null,null,"Objective : This form provides a preliminary assessment on whether a Digital Twin should be considerd for the respective project, based on three key pillars (knowledge, capacity, and strategic fit)"]
[null,null,null,"Instructions\n(1) This assessment should be shared by ADB Project Officers and teams, to their respective project counterparts (\"Counterparts\") to fill out. \n(2) Counterparts may be the Project Managmeent Office (PMO), Project Manager(s) and/or equivalent in the DMC Implementing Agency that is considering implementing a Digital Twin for their project.\n(3) Counterparts should fill all cells in yellow to the best of their ability, based on the information available. Counterparts can revisit this assessment at any time, in case there is new or additional information.\n(4) Upon completion of all questions, a preliminary assessment will be provided in row 12. \n(5) If output is \"Yes\" you should proceed to Digital Twin Roadmap. If output is \"Needs further consideration\" you should visit \"Further Consideration\" tab."]
[]
[]
[]
[null,null,null,null,null,null,null,null,null,null,null,null,null,null,null,null,null,"Please fill all cells in yellow below"]
[]
[]
[null,null,null,"*Should a Digital Twin be considered for your project?*",null,null,null,null,null,null,null,null,null,null,null,null,null,{"$f":"IF(COUNTIF($V$23:$V$120,FALSE)=COUNTA($V$23:$V$120),IF($Y$12>=50%,\"Yes\",\"Need further consideration\"),\"Assessment Pending\")","v":"Assessment Pending"},null,null,null,null,null,null,{"$f":"SUM(Y23,Y27,Y31,Y39,Y50,Y54,Y65,Y69,Y73,Y80,Y84,Y92,Y96,Y100,Y104,Y108,Y112,Y116,Y120)","v":0}]
[]
[]
[]
[]
[]
[]
[null,null,"PART 1: KNOWLEDGE",null,null,null,null,null,null,null,null,null,null,null,null,null,null,null,null,null,null,"Filled?","Value","Weight","Score"]
[]
[]
[]
[null,null,"Q1.)","How familiar are you with the concept of a Digital Twin?",null,null,null,null,null,null,null,null,null,null,null,null,null,null,null,null,null,{"$f":"ISBLANK(R23)","v":true},{"$f":"IFERROR(VLOOKUP(R23,Criteria!C13:D16,2,FALSE),\"-\")","v":"-"},{"$f":"(100%/3)/COUNTA($C$21:$C$33)","v":0.1111111111111111},{"$f":"IFERROR(X23*W23,0)","v":0}]
[]
[]
[null,null,null,"Does your current understanding and definition of a 'Digital Twin' match the definition and context used in the ADB Digital Twin framework?"]
[null,null,"Q2.)",null,null,null,null,null,null,null,null,null,null,null,null,null,null,null,null,null,null,{"$f":"ISBLANK(R27)","v":true},{"$f":"IFERROR(VLOOKUP(R27,Criteria!C3:D5,2,FALSE),\"-\")","v":"-"},{"$f":"(100%/3)/COUNTA($C$21:$C$33)","v":0.1111111111111111},{"$f":"IFERROR(X27*W27,0)","v":0}]
[]
[]
[]
[null,null,"Q3.)","IoT plays a very significant role in Digital Twins. Please share your level of familiarity with IoT.",null,null,null,null,null,null,null,null,null,null,null,null,null,null,null,null,null,{"$f":"ISBLANK(R31)","v":true},{"$f":"IFERROR(VLOOKUP(R31,Criteria!C12:D56,2,FALSE),\"-\")","v":"-"},{"$f":"(100%/3)/COUNTA($C$21:$C$33)","v":0.1111111111111111},{"$f":"IFERROR(X31*W31,0)","v":0}]
[]
[]
[]
[null,null,"PART 2: CAPACITY",null,null,null,null,null,null,null,null,null,null,null,null,null,null,null,null,null,null,null,"Value","Weight","Score"]
[]
[]
[]
[null,null,"Q4.)","Have you had any experience working with or developing any of these enabling technologies in the past?",null,null,null,null,null,null,null,null,null,null,null,null,"Please select from the list below",null,null,null,null,null,{"$f":"IFERROR(SUM($W$40:$W$46)/COUNTA(D40:D46),\"-\")","v":0},{"$f":"(100%/3)/COUNTA($C$37:$C$86)","v":4.1666666666666664E-2},{"$f":"IFERROR(X39*W39,0)","v":0}]
[null,null,null,"↳ Data Modeling and Visualization (BIM, 2D/3D modeling, CAD, etc.)",null,null,null,null,null,null,null,null,null,null,null,null,null,null,null,null,null,{"$f":"ISBLANK(R40)","v":true},{"$f":"IFERROR(VLOOKUP(R40,Criteria!$C$3:$D$5,2,FALSE),\"-\")","v":"-"}]
[null,null,null,"↳ ICT / IoT (Sensors, scanners, etc.)",null,null,null,null,null,null,null,null,null,null,null,null,null,null,null,null,null,true,{"$f":"IFERROR(VLOOKUP(R41,Criteria!$C$3:$D$5,2,FALSE),\"-\")","v":"-"}]
[null,null,null,"↳ Artificial Intelligence (AI) / Machine Learning (ML)",null,null,null,null,null,null,null,null,null,null,null,null,null,null,null,null,null,true,{"$f":"IFERROR(VLOOKUP(R42,Criteria!$C$3:$D$5,2,FALSE),\"-\")","v":"-"}]
[null,null,null,"↳ Spatial Computing (GIS, GPS, GNSS, LiDAR, UAVs, etc.)",null,null,null,null,null,null,null,null,null,null,null,null,null,null,null,null,null,true,{"$f":"IFERROR(VLOOKUP(R43,Criteria!$C$3:$D$5,2,FALSE),\"-\")","v":"-"}]
[null,null,null,"↳ Cloud Computing (Servers, databases, networks, online computing services, etc.)",null,null,null,null,null,null,null,null,null,null,null,null,null,null,null,null,null,true,{"$f":"IFERROR(VLOOKUP(R44,Criteria!$C$3:$D$5,2,FALSE),\"-\")","v":"-"}]
[null,null,null,"↳ Advanced Industry Software and Platforms (E.g. specialized software used for industrial or engineering purposes)",null,null,null,null,null,null,null,null,null,null,null,null,null,null,null,null,null,true,{"$f":"IFERROR(VLOOKUP(R45,Criteria!$C$3:$D$5,2,FALSE),\"-\")","v":"-"}]
[null,null,null,"↳ Security Stack (involvement in development & implementation of tailored security solutions)",null,null,null,null,null,null,null,null,null,null,null,null,null,null,null,null,null,true,{"$f":"IFERROR(VLOOKUP(R46,Criteria!$C$3:$D$5,2,FALSE),\"-\")","v":"-"}]
[]
[]
[]
[null,null,"Q5.)","Which sector is your project under?",null,null,null,null,null,null,null,null,null,null,null,null,null,null,null,null,null,{"$f":"ISBLANK(R50)","v":true},{"$f":"IFERROR(VLOOKUP(R50,Criteria!$C$12:$D$56,2,FALSE),\"-\")","v":"-"},{"$f":"(100%/3)/COUNTA($C$37:$C$86)","v":4.1666666666666664E-2},{"$f":"IFERROR(X50*W50,0)","v":0}]
[]
[]
[]
[null,null,"Q6.)","Which of the following enabling technologies does the underlying project already implement? (If any)",null,null,null,null,null,null,null,null,null,null,null,null,"Please select from the list below",null,null,null,null,null,{"$f":"IFERROR(SUM(W55:W61/COUNTA(D55:D61)),\"-\")","v":"-"},{"$f":"(100%/3)/COUNTA($C$37:$C$86)","v":4.1666666666666664E-2},{"$f":"IFERROR(X54*W54,0)","v":0}]
[null,null,null,"↳ Data Modeling and Visualization (BIM, 2D/3D modeling, CAD, etc.)",null,null,null,null,null,null,null,null,null,null,null,null,null,null,null,null,null,{"$f":"ISBLANK(R55)","v":true},{"$f":"IFERROR(VLOOKUP(R55,Criteria!$C$2:$D$5,2,FALSE),\"-\")","v":"-"}]
[null,null,null,"↳ ICT / IoT (Sensors, scanners, etc.)",null,null,null,null,null,null,null,null,null,null,null,null,null,null,null,null,null,true,{"$f":"IFERROR(VLOOKUP(R56,Criteria!$C$2:$D$5,2,FALSE),\"-\")","v":"-"}]
[null,null,null,"↳ Artificial Intelligence (AI) / Machine Learning (ML)",null,null,null,null,null,null,null,null,null,null,null,null,null,null,null,null,null,true,{"$f":"IFERROR(VLOOKUP(R57,Criteria!$C$2:$D$5,2,FALSE),\"-\")","v":"-"}]
[null,null,null,"↳ Spatial Computing (GIS, GPS, GNSS, LiDAR, UAVs, etc.)",null,null,null,null,null,null,null,null,null,null,null,null,null,null,null,null,null,true,{"$f":"IFERROR(VLOOKUP(R58,Criteria!$C$2:$D$5,2,FALSE),\"-\")","v":"-"}]
[null,null,null,"↳ Cloud Computing (Servers, databases, networks, online computing services, etc.)",null,null,null,null,null,null,null,null,null,null,null,null,null,null,null,null,null,true,{"$f":"IFERROR(VLOOKUP(R59,Criteria!$C$2:$D$5,2,FALSE),\"-\")","v":"-"}]
[null,null,null,"↳ Advanced Industry Software and Platforms (E.g. specialized software used for industrial or engineering purposes)",null,null,null,null,null,null,null,null,null,null,null,null,null,null,null,null,null,true,{"$f":"IFERROR(VLOOKUP(R60,Criteria!$C$2:$D$5,2,FALSE),\"-\")","v":"-"}]
[null,null,null,"↳ Security Stack (involvement in development & implementation of tailored security solutions)",null,null,null,null,null,null,null,null,null,null,null,null,null,null,null,null,null,true,{"$f":"IFERROR(VLOOKUP(R61,Criteria!$C$2:$D$5,2,FALSE),\"-\")","v":"-"}]
[]
[]
[]
[null,null,"Q7.)","Please select the statement which best describes the project's current data infrastructure.\n*Legacy systems = An outdated computing system, hardware or software that is still in use. These systems are no longer receiving updates, support or maintenance from their software developers and are no longer available for purchase",null,null,null,null,null,null,null,null,null,null,null,null,null,null,null,null,null,{"$f":"ISBLANK(R65)","v":true},{"$f":"IFERROR(VLOOKUP(R65,Criteria!C72:D75,2,FALSE),\"-\")","v":"-"},{"$f":"(100%/3)/COUNTA($C$37:$C$86)","v":4.1666666666666664E-2},{"$f":"IFERROR(X65*W65,0)","v":0}]
[]
[]
[]
[null,null,"Q8.)","Is there any current involvement or collaboration with Digital Twin or technology vendors at this stage?",null,null,null,null,null,null,null,null,null,null,null,null,null,null,null,null,null,{"$f":"ISBLANK(R69)","v":true},{"$f":"IFERROR(VLOOKUP(R69,Criteria!$C$2:$D$5,2,FALSE),\"-\")","v":"-"},{"$f":"(100%/3)/COUNTA($C$37:$C$86)","v":4.1666666666666664E-2},{"$f":"IFERROR(X69*W69,0)","v":0}]
[]
[]
[]
[null,null,"Q9.)","What is the country of implementation?",null,null,null,null,null,null,null,null,null,null,null,null,null,null,null,null,null,{"$f":"ISBLANK(R73)","v":true},{"$f":"IFERROR(SUM(R74:R76),\"-\")","v":0},{"$f":"(100%/3)/COUNTA($C$37:$C$86)","v":4.1666666666666664E-2},{"$f":"IFERROR(X73*W73,0)","v":0}]
[null,null,null,"↳ Human Capital Scores (higher scores indicate increased availability of skilled labor force to support digital innovation: >0.78 = global 75th percentile; Final score = 0.3)",null,null,null,null,null,null,null,null,null,null,null,null,null,{"$f":"IFERROR(VLOOKUP(R73,'APAC Indices'!C13:E38,3,FALSE)/3,\"-\")","v":"-"}]
[null,null,null,"↳ Technology Adoption Scores (represent the extent of demand for digital products and services: >0.66 = global 75th percentile; Final score = 0.3)",null,null,null,null,null,null,null,null,null,null,null,null,null,{"$f":"IFERROR(VLOOKUP(R73,'APAC Indices'!H13:J38,3,FALSE)/3,\"-\")","v":"-"}]
[null,null,null,"↳ Technology Infrastructure Scores (high technology infrastructure availability  better enable digital activities and connectivity: >0.7 = global 75th percentile; Final score = 0.3)\n",null,null,null,null,null,null,null,null,null,null,null,null,null,{"$f":"IFERROR(VLOOKUP(R73,'APAC Indices'!M13:O38,3,FALSE)/3,\"-\")","v":"-"}]
[]
[]
[]
[null,null,"Q10.)","How would you assess the capacity and capabilities of the client/implementing agency of the DMC in relation to the implementation of a Digital Twin for the project?",null,null,null,null,null,null,null,null,null,null,null,null,null,null,null,null,null,{"$f":"ISBLANK(R80)","v":true},{"$f":"IFERROR(VLOOKUP(R80,Criteria!C76:D80,2,FALSE),\"-\")","v":"-"},{"$f":"(100%/3)/COUNTA($C$37:$C$86)","v":4.1666666666666664E-2},{"$f":"IFERROR(X80*W80,0)","v":0}]
[]
[]
[]
[null,null,"Q11.)","Are there any internal champions promoting Digital Twins or digital transformation?",null,null,null,null,null,null,null,null,null,null,null,null,null,null,null,null,null,{"$f":"ISBLANK(R84)","v":true},{"$f":"IFERROR(VLOOKUP(R84,Criteria!C91:D94,2,FALSE),\"-\")","v":"-"},{"$f":"(100%/3)/COUNTA($C$37:$C$86)","v":4.1666666666666664E-2},{"$f":"IFERROR(X84*W84,0)","v":0}]
[]
[]
[]
[null,null,"PART 3: STRATEGIC NEED",null,null,null,null,null,null,null,null,null,null,null,null,null,null,null,null,null,null,null,"Value","Weight","Score"]
[]
[]
[]
[null,null,"Q12.)","What is the current stage of the infrastructure project lifecycle? ",null,null,null,null,null,null,null,null,null,null,null,null,null,null,null,null,null,{"$f":"ISBLANK(R92)","v":true},{"$f":"IFERROR(VLOOKUP(R92,Criteria!$C$87:$D$89,2,FALSE),\"-\")","v":"-"},{"$f":"(100%/3)/COUNTA($C$90:$C$134)","v":4.1666666666666664E-2},{"$f":"IFERROR(X92*W92,0)","v":0}]
[]
[]
[]
[null,null,"Q13.)","What estimated timeframe are you considering for the establishment and operation of a Digital Twin?",null,null,null,null,null,null,null,null,null,null,null,null,null,null,null,null,null,{"$f":"ISBLANK(R96)","v":true},{"$f":"IFERROR(VLOOKUP(R96,Criteria!C57:D61,2,FALSE),\"-\")","v":"-"},{"$f":"(100%/3)/COUNTA($C$90:$C$134)","v":4.1666666666666664E-2},{"$f":"IFERROR(X96*W96,0)","v":0}]
[]
[]
[]
[null,null,"Q14.)","What is the estimated budget range that could potentially be allocated to the implementation of a Digital Twin?",null,null,null,null,null,null,null,null,null,null,null,null,null,null,null,null,null,{"$f":"ISBLANK(R100)","v":true},{"$f":"IFERROR(VLOOKUP(R100,Criteria!C62:D67,2,FALSE),\"-\")","v":"-"},{"$f":"(100%/3)/COUNTA($C$90:$C$134)","v":4.1666666666666664E-2},{"$f":"IFERROR(X100*W100,0)","v":0}]
[]
[]
[]
[null,null,"Q15.)","Does the DMC implementing agency have a clear digital agenda or is their a national/provincial strategy on digital transformation to promote a Digital Twin initiative?",null,null,null,null,null,null,null,null,null,null,null,null,null,null,null,null,null,{"$f":"ISBLANK(R104)","v":true},{"$f":"IFERROR(VLOOKUP(R104,Criteria!C3:D5,2,FALSE),\"-\")","v":"-"},{"$f":"(100%/3)/COUNTA($C$90:$C$134)","v":4.1666666666666664E-2},{"$f":"IFERROR(X104*W104,0)","v":0}]
[]
[]
[]
[null,null,"Q15-2.)","Climate risk exposure of the country of implementation. (This question is automatically populated)",null,null,null,null,null,null,null,null,null,null,null,null,null,{"$f":"IF(R73=0,\"Field is automatically completed\",VLOOKUP(R73,'APAC Indices'!R14:U40,4,FALSE))","v":"Field is automatically completed"},null,null,null,null,{"$f":"IFERROR(VLOOKUP(R108,'APAC Indices'!Q6:U10,5,FALSE),\"-\")","v":"-"},{"$f":"(100%/3)/8","v":4.1666666666666664E-2},{"$f":"IFERROR(X108*W108,0)","v":0}]
[]
[]
[]
[null,null,"Q16.)","How would you assess the positive environmental impacts of the underlying infrastructure project? ",null,null,null,null,null,null,null,null,null,null,null,null,null,null,null,null,null,{"$f":"ISBLANK(R112)","v":true},{"$f":"IFERROR(VLOOKUP(R112,Criteria!C68:D71,2,FALSE),\"-\")","v":"-"},{"$f":"(100%/3)/COUNTA($C$90:$C$134)","v":4.1666666666666664E-2},{"$f":"IFERROR(X112*W112,0)","v":0}]
[]
[]
[]
[null,null,"Q17.)","How would you assess the positive socio-economic benefits of the underlying infrastructure project?  ",null,null,null,null,null,null,null,null,null,null,null,null,null,null,null,null,null,{"$f":"ISBLANK(R116)","v":true},{"$f":"IFERROR(VLOOKUP(R116,Criteria!$C$68:$D$71,2,FALSE),\"-\")","v":"-"},{"$f":"(100%/3)/COUNTA($C$90:$C$134)","v":4.1666666666666664E-2},{"$f":"IFERROR(X116*W116,0)","v":0}]
[]
[]
[]
[null,null,"Q18.)","Would the underlying infrastructure projects benefit from any three or more of the following?",null,null,null,null,null,null,null,null,null,null,null,null,null,null,null,null,null,{"$f":"ISBLANK(R120)","v":true},{"$f":"IFERROR(VLOOKUP(R120,Criteria!C3:D5,2,FALSE),\"-\")","v":"-"},{"$f":"(100%/3)/COUNTA($C$90:$C$134)","v":4.1666666666666664E-2},{"$f":"IFERROR(X120*W120,0)","v":0}]
[null,null,null,"↳ Visualization and monitoring of physical asset, system, or process"]
[null,null,null,"↳ Informed decision-making"]
[null,null,null,"↳ Resource optimization and loss reduction"]
[null,null,null,"↳ Productivity gains"]
[null,null,null,"↳ Improve operations, inspection, and maintenance"]
[null,null,null,"↳ Improve or optimize financial performance"]
[null,null,null,"↳ Improve quality"]
[null,null,null,"↳ Increase customer satisfaction"]
[null,null,null,"↳ Improve knowledge and collaboration"]
[null,null,null,"↳ Security and Safety"]
[null,null,null,"↳ Predictive intelligence"]
[null,null,null,"↳ Risk management and resilience"]
[null,null,null,"↳ Improved environmental sustainability"]

{"sheet":"Criteria","index":1,"n_rows":94,"n_cols":7,"rows_kept":94,"cut":false,"hidden":true,"merged":[]}
[]
[null,"Answer Format","Answers","Assigned Value"]
[null,"Close-ended question","Yes",1]
[null,null,"No",0]
[null,null,"Uncertain",0.5]
[]
[null,"Answer Format","Answers","Assigned Value"]
[null,"Close-ended question (somewhat)","Yes",1]
[null,null,"No",0]
[null,null,"Somewhat",0.5]
[]
[null,"Question","Answers","Assigned Value"]
[null,"How familiar are you with the concept of a Digital Twin?","Confident",1]
[null,null,"Fairly familiar",0.6]
[null,null,"Basic understanding",0.3]
[null,null,"Digital Twins are new to me",0]
[null,"At what level of capacity and capability do your envision your team to have by the end of the project?","Build Digital Twins","NA"]
[null,null,"Outsource the development of Digital Twins","NA"]
[null,null,"Maintain and operate Digital Twins","NA"]
[null,"What do you want to accomplish by implementing a Digital Twin?","Visualization and monitoring"]
[null,null,"Informed decision-making"]
[null,null,"Resource optimization and loss reduction"]
[null,null,"Productivity gains"]
[null,null,"Improve operations, inspection, maintenance"]
[null,null,"Improve or optimize financial performance"]
[null,null,"Improve quality"]
[null,null,"Increase customer satisfaction"]
[null,null,"Improved knowledge and collaboration"]
[null,null,"Security and Safety"]
[null,null,"Predictive intelligence"]
[null,null,"Risk management and resilience"]
[null,null,"Improved environmental sustainability"]
[null,null,"Others (Please specify)"]
[null,"Which sector is your project under?","Water and Urban Development",1]
[null,null,"Transport",0.5844155844155845]
[null,null,"Energy",0.45454545454545459]
[null,null,"Industry and Trade",0.61038961038961048]
[null,null,"Agriculture, food, nature, and rural development",0.2207792207792208]
[null,null,"Human and social development (covering education, health, and social development)",2.0738556942079447E-2]
[null,null,"Public sector management and governance",5.1948051948051951E-2]
[null,null,"Finance",2.5974025974025976E-2]
[null,null,"Others",0.18181818181818182]
[null,"Which of the following enabling technologies does the underlying project already implement?","Data Modeling and Visualization"]
[null,null,"ICT / IoT"]
[null,null,"Artificial Intelligence (AI) / Machine Learning"]
[null,null,"Spatial Computing (CAD, GIS, GPS, GNSS)"]
[null,null,"Cloud Computing"]
[null,null,"Robotics and Automation"]
[null,null,"Software and Platforms"]
[null,null,"Security"]
[null,null,"Others (Please specify)"]
[null,"IoT plays a very significant role in Digital Twins. How much do you know about IoT sensors and devices?","I do not know what IoT is at all",0]
[null,null,"I have heard of IoT, but do not know what it is",0.25]
[null,null,"I have sufficient understanding of IoT, but have not worked with it before",0.5]
[null,null,"I have worked with IoT before, but in a limited capacity",0.75]
[null,null,"I have a comprehensive and technical understanding of IoT",1]
[null,"What is the estimated implementation period of the infrastructure project?",null,null,null,"More than 25 years",1]
[null,"What is the estimated time in which you want your Digital Twin to be up and running?","Over 12 months",1,null,"Between 15 to 25 years",0.75]
[null,null,"6 to 12 months",0.6,null,"Between 5 to 15 years",0.5]
[null,null,"0 to 6 months",0.3,null,"Between 1 to 5 years",0.25]
[null,null,"Uncertain",0.5,null,"Less than 1 year",0]
[null,"What is the estimated budget range your project may be able to allocate for the implementation of a Digital Twin?","More than US$5M",1]
[null,null,"Between US$3M to US$5M",0.75]
[null,null,"Between US$1M to US$3M",0.5]
[null,null,"Between US$500k to US$1M",0.25]
[null,null,"Less than US$500k",0]
[null,null,"Uncertain",0.5]
[null,"How would you assess the positive environmental impacts of the underlying infrastructure project? ","High",1]
[null,"How would you assess the positive socio-economic benefits of the underlying infrastructure project?  ","Medium",0.5]
[null,null,"Low",0]
[null,null,"Uncertain",0.5]
[null,"Please select the statement which best describes your current or anticipated data infrastructure for the project (Interoperability).","I am using modern computing systems",1]
[null,"*Legacy systems = An outdated computing system, hardware or software that are still in use. These systems are no longer receving updates, support or maaintenance from their software developers and are no longer available for purchase","I am using legacy computing systems* (Outdated and limited support)",0.5]
[null,null,"I am using paper-based processes",0]
[null,null,"Uncertain",0.5]
[null,"How would you assess the capacity and capabilities of the client/implementing agency of the DMC in relation to the implementation of a Digital Twin for the project?","Cautious to embrace change",0.25]
[null,null,"Capable and willing to go up the curve",0.5]
[null,null,"Competent, but utilizes significant resources",0.75]
[null,null,"Skilled and efficient",1]
[null,null,"Uncertain",0.25]
[null,"Does the DMC and implementing agency both have a national/provincial strategy on digital transformation or any indication of a digital agenda?","Both do not have any digital agenda",0,null,"Both do not have any digital agenda",0]
[null,"Does the client or implementing agency of the DMC have a national/provincial strategy on digital transformation or any indication of a digital agenda?","One of the parties has a digital agenda, but is in its early stages",0.4,null,"One of the parties has a digital agenda, but is in its early stages",0.4]
[null,null,"Both parties have a digital agenda, but are both in their early stages",0.6,null,"Both parties have a digital agenda, but are both in their early stages",0.6]
[null,null,"Both parties have a digital agenda, and one is early-stage, one is late-stage",0.8,null,"Both parties have a digital agenda, and one is early-stage, one is late-stage",0.8]
[null,null,"Both parties have a comprehensive digital agenda, and are in their late-stages",1,null,"Both parties have a comprehensive digital agenda, and are in their late-stages",1]
[null,null,"Uncertain",0.2,null,"Uncertain",0.2]
[null,"At what stage of the infrastructure project lifecycle are you currently at?","Design and Build (D&B)",1,null,"Plan/Design",1]
[null,null,"Operations and Maintenance (O&M)",0.75,null,"Construction",0.75]
[null,null,"Uncertain",0.5,null,"Operation/Maintenance",0.5]
[null,null,null,null,null,"End-of-life",0.25]
[null,"Are there any internal champions promoting Digital Twins or digital transformation?","Limited interest and no clear champion",0.3]
[null,null,"Emerging interest with potential champions",0.6]
[null,null,"Clear, active champions",1]
[null,null,"Uncertain",0.5]

{"sheet":"APAC Indices","index":2,"n_rows":50,"n_cols":21,"rows_kept":50,"cut":false,"hidden":true,"merged":[]}
[]
[null,"CISCO Digital Readiness Index",null,null,null,null,null,null,null,null,null,null,null,null,null,null,"WorldRiskIndex 2023"]
[null,"Digital Readiness Index 2021 (cisco.com)",null,null,null,null,null,null,null,null,null,null,null,null,null,null,"WRR_2023_english_online161023.pdf (weltrisikobericht.de)"]
[]
[null,"Range","Score","Criteria","Score",null,"Range","Score","Criteria","Score",null,"Range","Score","Criteria","Score",null,"Classification","Range","Score","Criteria","Score"]
[null,"<-1",0,{"$f":"_xlfn.PERCENTILE.INC($D$14:$D$40,0%)","v":-2.1978086279147599},0,null,"<-1",0,{"$f":"_xlfn.PERCENTILE.INC($I$14:$I$40,0%)","v":-1.6448723734290152},0,null,"<-1",0,{"$f":"_xlfn.PERCENTILE.INC($N$14:$N$40,0%)","v":-1.3093191678174447},0,null,"Very low","0.00 - 1.84",0,-10,0]
[null,"-1 - -0.5",0.25,{"$f":"_xlfn.PERCENTILE.INC($D$14:$D$40,20%)","v":-0.94138310805794234},0.25,null,"-1 - -0.5",0.25,{"$f":"_xlfn.PERCENTILE.INC($I$14:$I$40,20%)","v":-0.9397686249421805},0.25,null,"-1 - -0.5",0.25,{"$f":"_xlfn.PERCENTILE.INC($N$14:$N$40,20%)","v":-1.0598758852124812},0.25,null,"Low","1.85 - 3.2",0.25,1.84,0.25]
[null,"-0.5 - 0.5",0.5,{"$f":"_xlfn.PERCENTILE.INC($D$14:$D$40,40%)","v":-0.24001396848748022},0.5,null,"-0.5 - 0.5",0.5,{"$f":"_xlfn.PERCENTILE.INC($I$14:$I$40,40%)","v":-0.41083975270148165},0.5,null,"-0.5 - 0.5",0.5,{"$f":"_xlfn.PERCENTILE.INC($N$14:$N$40,40%)","v":-0.70659605357035482},0.5,null,"Medium","3.21 - 5.87",0.5,3.2,0.5]
[null,"0.5 - 1",0.75,{"$f":"_xlfn.PERCENTILE.INC($D$14:$D$40,60%)","v":0.15993237223934073},0.75,null,"0.5 - 1",0.75,{"$f":"_xlfn.PERCENTILE.INC($I$14:$I$40,60%)","v":-6.0792310669556038E-2},0.75,null,"0.5 - 1",0.75,{"$f":"_xlfn.PERCENTILE.INC($N$14:$N$40,60%)","v":-9.0754026019500278E-2},0.75,null,"High","5.88 - 12.88",0.75,5.87,0.75]
[null,">1",1,{"$f":"_xlfn.PERCENTILE.INC($D$14:$D$40,80%)","v":0.48409013276875668},1,null,">1",1,{"$f":"_xlfn.PERCENTILE.INC($I$14:$I$40,80%)","v":0.21838524624251612},1,null,">1",1,{"$f":"_xlfn.PERCENTILE.INC($N$14:$N$40,80%)","v":0.1014464332307094},1,null,"Very High","12.89 - 100",1,12.88,1]
[]
[null,"HUMAN CAPITAL",null,null,null,null,"TECHNOLOGY ADOPTION",null,null,null,null,"TECHNOLOGY INFRASTRUCTURE",null,null,null,null,"WorldRiskIndex"]
[null,"Rank","Country","Human","Score",null,"Rank","Country","Adoption","Score",null,"Rank","Country","Infrastructure","Score",null,"Rank","Country","WRI","Score","Class"]
[null,1,"Vietnam",1.1110141705083474,{"$f":"VLOOKUP(D14,$D$5:$E$10,2,TRUE)","v":1},null,1,"Thailand",0.73325296580406052,{"$f":"VLOOKUP(I14,$I$5:$J$10,2,TRUE)","v":1},null,1,"Malaysia",0.42911007661374229,{"$f":"VLOOKUP(N14,$N$5:$O$10,2,TRUE)","v":1},null,1,"Philippines",46.86,{"$f":"VLOOKUP(S14,$T$5:$U$10,2,TRUE)","v":1},{"$f":"INDEX($Q$6:$U$10,MATCH(T14,$U$6:$U$10),1)","v":"Very High"}]
[null,2,"Kazakhstan",0.7047978071644988,1,null,2,"Malaysia",0.58174942265031138,1,null,2,"China",0.38427985689063804,1,null,2,"Indonesia",43.5,1,{"$f":"INDEX($Q$6:$U$10,MATCH(T15,$U$6:$U$10),1)","v":"Very High"}]
[null,3,"Georgia",0.59451576583086052,1,null,3,"Kazakhstan",0.4189916570603392,1,null,3,"Georgia",0.34084057752135288,1,null,3,"India",41.52,1,"Very High"]
[null,4,"Uzbekistan",0.58988726041916606,1,null,4,"Vietnam",0.29334991935457211,1,null,4,"Thailand",0.23721331021911429,1,null,4,"Myanmar",36.159999999999997,1,"Very High"]
[null,5,"Malaysia",0.50111802868219291,1,null,5,"Cambodia",0.2619013184260624,1,null,5,"Kazakhstan",0.21039424874620205,1,null,5,"Bangladesh",27.29,1,"Very High"]
[null,6,"Mongolia",0.48744239468763545,1,null,6,"China",0.23661252455815032,1,null,6,"Azerbaijan",0.10293382164772057,1,null,6,"China",27.1,1,"Very High"]
[null,7,"China",0.47068108509324152,0.75,null,7,"Georgia",0.14547613297997902,0.75,null,7,"Vietnam",9.5496879562664713E-2,0.75,null,7,"Pakistan",26.45,1,"Very High"]
[null,8,"Azerbaijan",0.36951202844248676,0.75,null,8,"Philippines",0.11503310853806092,0.75,null,8,"Kyrgyzstan",8.3647786669461419E-2,0.75,null,8,"Papua New Guinea",26.3,1,"Very High"]
[null,9,"Thailand",0.35614246792015336,0.75,null,9,"Mongolia",6.5683242907394829E-2,0.75,null,9,"Uzbekistan",7.6340333683805953E-2,0.75,null,9,"Vietnam",24.39,1,"Very High"]
[null,10,"Cambodia",0.31120510353146602,0.75,null,10,"Azerbaijan",-2.647702509628409E-2,0.75,null,10,"Armenia",6.0484507911412036E-2,0.75,null,10,"Thailand",21.09,1,"Very High"]
[null,11,"Indonesia",0.17184062343256637,0.75,null,11,"Armenia",-5.5731797801766458E-2,0.75,null,11,"Indonesia",-8.2119510619608038E-2,0.75,null,11,"Malaysia",14.04,1,"Very High"]
[null,12,"Kyrgyzstan",0.14206999544950216,0.5,null,12,"Indonesia",-6.8383079971240449E-2,0.5,null,12,"Mongolia",-0.10370579911933872,0.5,null,12,"Cambodia",8.19,0.75,"High"]
[null,13,"Armenia",0.11926063263605925,0.5,null,13,"Uzbekistan",-0.21138306771573095,0.5,null,13,"Cambodia",-0.1377784130065578,0.5,null,13,"Timor-Leste",7.79,0.75,"High"]
[null,14,"Laos",-0.1381884602332703,0.5,null,14,"Sri Lanka",-0.22769212218512355,0.5,null,14,"Sri Lanka",-0.33178924503043766,0.5,null,14,"Sri Lanka",5.92,0.75,"High"]
[null,15,"Sri Lanka",-0.22134937180642023,0.5,null,15,"Kyrgyzstan",-0.26954697153140139,0.5,null,15,"Bangladesh",-0.66814876053193994,0.5,null,15,"Afghanistan",4.0199999999999996,0.5,"Medium"]
[null,16,"Philippines",-0.23184199732813912,0.5,null,16,"Nepal",-0.44527917348120244,0.25,null,16,"Myanmar",-0.7322275822626314,0.25,null,16,"Georgia",3.69,0.5,"Medium"]
[null,17,"Nepal",-0.38545237482226091,0.25,null,17,"Myanmar",-0.69814323352109653,0.25,null,17,"Philippines",-0.73615397806325866,0.25,null,17,"Laos",2.79,0.25,"Low"]
[null,18,"Tajikistan",-0.66476832089468851,0.25,null,18,"Timor-Leste",-0.7616393665917377,0.25,null,18,"India",-0.78161760379540046,0.25,null,18,"Armenia",2.61,0.25,"Low"]
[null,19,"Timor-Leste",-0.73415890329916667,0.25,null,19,"Tajikistan",-0.76322703252592672,0.25,null,19,"Pakistan",-0.87685595412800788,0.25,null,19,"Nepal",2.57,0.25,"Low"]
[null,20,"Myanmar",-0.76130283390695808,0.25,null,20,"India",-0.798903475068242,0.25,null,20,"Nepal",-0.93490529331297301,0.25,null,20,"Tajikistan",2.4700000000000002,0.25,"Low"]
[null,21,"Bangladesh",-0.98640317659568844,0,null,21,"Bangladesh",-0.97498491241066521,0,null,21,"Tajikistan",-1.0911185331873583,0,null,21,"Kyrgyzstan",2.42,0.25,"Low"]
[null,22,"India",-1.1033329965592085,0,null,22,"Pakistan",-1.1918279826966087,0,null,22,"Laos",-1.1033021990751655,0,null,22,"Kazakhstan",2.15,0.25,"Low"]
[null,23,"Papua New Guinea",-1.7555445846891486,0,null,23,"Laos",-1.2790289459108648,0,null,23,"Timor-Leste",-1.1072437204986605,0,null,23,"Mongolia",2.11,0.25,"Low"]
[null,24,"Pakistan",-1.8864946525240405,0,null,24,"Afghanistan",-1.5703700221610619,0,null,24,"Afghanistan",-1.2995669802655223,0,null,24,"Azerbaijan",2.09,0.25,"Low"]
[null,25,"Afghanistan",-2.1978086279147599,0,null,25,"Papua New Guinea",-1.6448723734290152,0,null,25,"Papua New Guinea",-1.3093191678174447,0,null,25,"Uzbekistan",1.52,0,"Very low"]
[null,"-","Pacific Islands",{"$f":"AVERAGE(D32,D36)","v":-1.2448517439941575},0,null,"-","Pacific Islands",{"$f":"AVERAGE(I31,I38)","v":-1.2032558700103764},0,null,"-","Pacific Islands",{"$f":"AVERAGE(N36,N38)","v":-1.2082814441580525},0,null,"-","Pacific Islands",{"$f":"AVERAGE(T42:T50)","v":5.4633333333333329},0.5,"Medium"]
[null,"-","Other",{"$f":"AVERAGE(D14:D39)","v":-0.24546194926037429},0.25,null,"-","Other",{"$f":"AVERAGE(I14:I39)","v":-0.35918062153190056},0.5,null,"-","Other",{"$f":"AVERAGE(N14:N39)","v":-0.40320741482331707},0.5,null,"-","Other",{"$f":"AVERAGE(S14:S39)","v":15.019358974358973},1,"Very High"]
[]
[null,null,null,null,null,null,null,null,null,null,null,null,null,null,null,null,null,null,"Nauru",1]
[null,null,null,null,null,null,null,null,null,null,null,null,null,null,null,null,null,null,"Tonga",3.77]
[null,null,null,null,null,null,null,null,null,null,null,null,null,null,null,null,null,null,"Fiji",6.41]
[null,null,null,null,null,null,null,null,null,null,null,null,null,null,null,null,null,null,"Vanuatu",10.9]
[null,null,null,null,null,null,null,null,null,null,null,null,null,null,null,null,null,null,"Solomon Islands",14.82]
[null,null,null,null,null,null,null,null,null,null,null,null,null,null,null,null,null,null,"Kiribati",2.75]
[null,null,null,null,null,null,null,null,null,null,null,null,null,null,null,null,null,null,"Samoa",2.94]
[null,null,null,null,null,null,null,null,null,null,null,null,null,null,null,null,null,null,"Fed. States of Micronesia",4.37]
[null,null,null,null,null,null,null,null,null,null,null,null,null,null,null,null,null,null,"Palau",2.21]

{"sheet":"DRI Database","index":3,"n_rows":147,"n_cols":13,"rows_kept":147,"cut":false,"hidden":true,"merged":[]}
["Country","Small island? (Y/N)","Region","AAA Group","Overall DRI Score","Basic Needs","Business & Government Investment","Ease of Doing Business","Human Capital",null,"Start-Up Environment","Technology Adoption","Technology Infrastructure"]
["Singapore",null,"Asia Pacific","Amplify",2.3657188097737674,0.93481940582522927,1.8257346366175433,1.6936207539587997,1.6706566706744819,null,4.1606421822288073,2.097670671478161,1.9481118564452298]
["Luxembourg",null,"Western Europe","Amplify",2.2178522650187311,0.88571321330107977,1.3075353868833828,1.1624148408072852,0.86575516354783999,null,5.7802313093012527,2.1614920996419373,1.2723554099277887]
["Iceland",null,"Western Europe","Amplify",2.153958928971984,0.91903312129536985,4.4384766345317566,1.3377345053888379,1.5820883701501207,null,1.754982521001498,1.3371020619659602,1.6790216275073775]
["United States of America",null,"North America","Amplify",2.0839467293092317,0.74320671573201891,2.1901067177418123,1.0549365580901189,1.2020697897085022,null,2.1903563701039817,3.014793635976039,2.2288430912704835]
["Sweden",null,"Western Europe","Amplify",1.9520365781490243,0.90668533670026052,3.4439913434884901,1.5053696268910737,1.3757719853999142,null,1.9306246116626411,1.327175379058976,1.3355978638727588]
["Denmark",null,"Western Europe","Amplify",1.8151676331577584,0.83157615995211343,1.5985231124241106,1.8373204019569578,1.29143013128227,null,0.81006543930101038,1.1858312746041904,3.4413330855126207]
["South Korea",null,"Asia Pacific","Amplify",1.7338865819400917,0.90779778814954692,1.7883833085312761,1.5396416313832493,1.3125312729760434,null,2.555570815027485,1.2847244169546144,1.1150389844368993]
["New Zealand",null,"Asia Pacific","Amplify",1.6956371194839026,0.86978784730860381,2.2610407770231578,1.6320346014543452,1.5779000313307441,null,1.83001098059113,1.1556908522966816,0.94551222299859206]
["Switzerland",null,"Western Europe","Amplify",1.640247495447666,0.9270062698183601,1.8081586804762415,1.4650953413997987,1.4323306194179963,null,0.98784296613990896,1.3849484085095638,1.9310509683514865]
["United Kingdom",null,"Western Europe","Amplify",1.5850170960657102,0.84285317271552129,2.1098736698997378,1.4359569766631677,1.3506954504451003,null,1.6887422964497105,0.96970191204846889,1.2040302818945898]
["Estonia",null,"Eastern Europe","Amplify",1.5718733971658878,0.7684781915093426,0.56750451035692184,1.2472610628531655,1.3886344135528015,null,2.7904792157292233,0.97643893436964313,1.7834343948603881]
["Netherlands",null,"Western Europe","Amplify",1.5662290030212622,0.87590349707032311,2.1822520280801201,1.0912632921440684,1.3565819451672694,null,0.57011611598280465,1.1991482404237763,2.2127725049475551]
["Norway",null,"Western Europe","Amplify",1.5440695157182565,0.89464258249683626,1.9589509791622903,1.5188313168820275,1.3509572502086671,null,0.92821835556398491,1.4317105257383438,1.2704869535034757]
["Ireland",null,"Western Europe","Amplify",1.5433306342729838,0.84149987909970025,2.0475503654991138,1.3445290827218221,1.2956125945045864,null,0.98499425900586601,1.2295195675442077,1.6056161552052135]
["Finland",null,"Western Europe","Amplify",1.5305676157419361,0.87720832603782428,2.2223982361843491,1.6493429815295482,1.3046749304022061,null,0.31321715989591459,1.1645382967929931,1.7406250543416766]
["Australia",null,"Asia Pacific","Amplify",1.4875432763982661,0.918583643653058,1.5405548555282156,1.2395953457791655,1.3908664293809831,null,1.7752894092045193,0.96855080299153518,1.1779279316794262]
["Canada",null,"North America","Amplify",1.402475325273185,0.87383798318062922,1.4916296926284724,0.94014684574826912,1.3973210769433806,null,0.6080752471415638,2.1344114231714526,1.0506141517841705]
["Japan",null,"Asia Pacific","Amplify",1.3451364171225562,0.97083451515220986,0.95130328681700294,1.0429377519636531,1.2789191094879961,null,0.92455213474232634,1.2871957779393628,1.6929412435716094]
["Germany",null,"Western Europe","Amplify",1.331848106688807,0.84578793146952835,1.600144327381342,1.4724668463617203,1.2866234628002027,null,7.6689901530854337E-2,1.1823268952413635,1.6041453777368648]
["Israel",null,"Middle East","Amplify",1.3113148844596194,0.90232994945206779,1.8902983250411005,0.68095306594767324,1.0275309072877099,null,2.3214620876419487,0.4335645377268138,0.68765793849434798]
["United Arab Emirates",null,"Middle East","Amplify",1.2605654019547359,0.69721503112665195,1.3725444094168162,1.2671420827712498,1.2130278257594167,null,0.15665901867975213,1.2942355851786698,1.6355382507782126]
["Austria",null,"Western Europe","Amplify",1.1021456813061297,0.85734707428958279,1.5678632632277929,1.4444097981749151,1.0590560162906484,null,-0.18057873948427325,1.0226183903055177,0.90595770470129799]
["Spain",null,"Western Europe","Amplify",0.9985499856297515,0.92863267660844628,1.798884089356191,0.91179194484111914,0.82976276121424064,null,-0.17241109138926175,0.81796193762431857,0.93448021696808392]
["Cyprus",null,"Eastern Europe","Accelerate High",0.99351268874530452,0.84741897665490395,9.259181524819364E-2,0.51305691617040217,1.0532423930280719,null,1.5431114893672675,0.86893942323288631,1.1002261484375473]
["France",null,"Western Europe","Accelerate High",0.98401679929624353,0.88560973115515806,0.99869432298720207,0.98344875961207123,0.77835754665732637,null,0.39070837032444794,0.75520104480935457,1.1690423655460311]
["Malta","Y","Western Europe","Accelerate High",0.93602316752299997,0.85662854250138087,0.34908731294285911,0.32911619526382141,0.63722671399046327,null,1.2446412427703564,1.2030381902914959,1.050583966552787]
["Belgium",null,"Western Europe","Accelerate High",0.8813886413176818,0.85898744006760985,1.2196428532330477,0.46227856381166393,0.95284891464777877,null,0.13158194431711953,0.77643785936440124,0.93757482698137917]
["Lithuania",null,"Eastern Europe","Accelerate High",0.88045244603564843,0.63023599860069657,0.1941849408216256,1.1869092517286342,1.1335594366222124,null,4.1757057857820239E-2,1.1176014887911041,1.0294328631864147]
["Czech Republic",null,"Eastern Europe","Accelerate High",0.82972311073738925,0.7853905804742114,0.41337320411259643,1.0013414020292246,1.1211610211262351,null,-6.9598487611861923E-2,0.6267371794813078,1.1479635796080891]
["Slovenia",null,"Eastern Europe","Accelerate High",0.82500372096334529,0.86066978943630146,0.43937641386029047,1.0527528381261795,1.1246390944422686,null,-0.11649182658867856,0.69611233549413654,0.94072030657617367]
["Portugal",null,"Western Europe","Accelerate High",0.79861248937400497,0.86902569173488131,0.79237036439178332,0.9560946547287279,0.73077141326247208,null,0.23854498743324254,0.45869724836362696,0.79239950434347628]
["Latvia",null,"Eastern Europe","Accelerate High",0.77193052663821071,0.62359013526197216,0.26869072795728194,0.95746170785504403,1.1383692031565502,null,0.26704130082963989,0.42973419291136217,0.99138029289386342]
["Poland",null,"Eastern Europe","Accelerate High",0.73183838738720319,0.75048150459578222,0.52997833477473022,0.45600048993558723,1.0727343089420827,null,-0.39835856148692994,0.68282565833439601,1.3397321943285321]
["Qatar",null,"Middle East","Accelerate High",0.72799675733205671,0.78289521588583766,0.24026856505336863,1.0299577566206164,1.0118916933911293,null,0.20663388453099232,0.73867805153857924,0.39979660333260147]
["Chile",null,"LATAM","Accelerate High",0.64751610818679806,0.77763029902072089,0.55390506035285014,0.75028535765986004,0.49450149126550941,null,0.49169418279291155,0.37015376403490713,0.48440897260747151]
["Slovakia",null,"Eastern Europe","Accelerate High",0.61019973765261648,0.69893207089491316,0.15821488767681066,0.6816623859321661,0.82492736792369015,null,-0.10350379110214905,0.72492322716315594,0.71136463980129161]
["Italy",null,"Western Europe","Accelerate High",0.55649073683282213,0.92558356699418753,0.54521265022507814,0.37450169090762947,0.42299446499636162,null,-0.14873009081604127,0.65969260656785411,0.59190286531649949]
["Mauritius","Y","Africa","Accelerate High",0.55171036879805635,0.51804477756154499,0.24353764268469932,1.0727605962107465,0.32613116707719514,null,0.48514973911658055,0.35057868962427174,0.34599621465745667]
["Montenegro",null,"Eastern Europe","Accelerate High",0.52918119411282383,0.69092187707628361,-2.7729395999798782E-2,-7.3619928683193891E-2,0.30070567708514367,null,0.96649191607587903,0.94593316769945024,0.40301632919506525]
["Georgia",null,"Middle East","Accelerate High",0.50008003845851901,0.49314672289755584,5.4012075848411521E-2,1.0089068105642722,0.59451576583086052,null,0.39253005715216643,0.14547613297997902,0.34084057752135288]
["Uruguay",null,"LATAM","Accelerate High",0.4801090614823324,0.69912036525707233,0.68216684776768877,0.46903957277384617,0.49606515154415315,null,-0.30021194641629956,0.46197355277233271,0.40029268612592528]
["Malaysia",null,"Asia Pacific","Accelerate High",0.46272782287394854,0.58036777766465253,-7.9554180948999922E-2,0.89321871954735754,0.50111802868219291,null,-0.1028571861079241,0.58174942265031138,0.42911007661374229]
["Croatia",null,"Eastern Europe","Accelerate High",0.45481854784337256,0.63466527177571708,0.11253003237576802,0.66959683214984611,0.51843524380883554,null,-6.8368875553481936E-2,0.20785046688508138,0.68053019577001317]
["Greece",null,"Western Europe","Accelerate High",0.41701531899091454,0.87581690220090791,-2.3278644927117738E-2,0.5300396897404418,0.47949958644589213,null,-0.39772562861102928,0.34547454892711454,0.71640504152938489]
["Costa Rica",null,"LATAM","Accelerate High",0.39297820275178436,0.76087117522620784,-0.11806402629810468,0.76647206377990607,0.34265739263058131,null,-0.17584563893868577,0.51467397183636221,0.28985243371637881]
["Russia",null,"Eastern Europe","Accelerate High",0.39163321351612135,0.48067437271684865,-0.8007775051060293,0.5882388419371144,0.95913164590277733,null,-9.0772763622811045E-2,0.74801954846762198,0.48795543944603459]
["Oman",null,"Middle East","Accelerate High",0.37124539085007163,0.52734927992112401,-0.19827653189338498,0.78327012955330177,0.50143400237151381,null,-0.30131358451312729,0.57136486120293795,0.3651343062280194]
["Kuwait",null,"Middle East","Accelerate High",0.36505569284927325,0.61120786251279879,-0.44057996477306699,0.42751973041136238,0.2566287518466574,null,7.9801801549980025E-2,0.95610919458963661,0.32077859841722905]
["Hungary",null,"Eastern Europe","Accelerate High",0.36005067628909337,0.6957176452607885,0.40204611854433608,-0.51720942588792207,0.77871948897986554,null,-0.26376872415475955,0.35405720917207528,0.73158384009880761]
["Romania",null,"Eastern Europe","Accelerate High",0.35112074437734087,0.63742067134072278,-7.2834429334761031E-2,0.20450263437304161,0.3177187146332548,null,3.3516044132820069E-2,0.33420571459240678,0.67252028778556283]
["Thailand",null,"Asia Pacific","Accelerate High",0.31809435250252938,0.65160364643775448,-0.31390291412491905,0.70386910989124685,0.35614246792015336,null,-0.44119908401493102,0.73325296580406052,0.23721331021911429]
["Saudi Arabia",null,"Middle East","Accelerate High",0.31224449991677333,0.60956002817329147,-7.5147716285029448E-2,0.59646071677071699,6.6332019851882307E-2,null,-0.49331757914878982,0.51799963425270035,0.66965465517343037]
["Bulgaria",null,"Eastern Europe","Accelerate High",0.26866061979317352,0.60643213179159583,-4.3791958694077822E-2,-0.68728402292703505,0.32140499656424543,null,0.30245010420391527,0.17441136107677413,0.95389294523590495]
["Kazakhstan",null,"Asia Pacific","Accelerate High",0.23179740601718576,0.44392593635253524,-0.51716087382703924,0.54821023974421812,0.7047978071644988,null,-0.40495662519975201,0.4189916570603392,0.21039424874620205]
["China",null,"Asia Pacific","Accelerate High",0.22880016464706737,0.56315726137418387,-0.73209758016711646,0.4485558847402073,0.47068108509324152,null,1.4856409345219446E-2,0.23661252455815032,0.38427985689063804]
["Turkey",null,"Middle East","Accelerate High",0.22137908276978971,0.61204754655739069,1.2910929667812486E-2,0.61499915921477211,0.23114070342330284,null,-0.31674222004455932,-0.11177575093646083,0.29850900180368167]
["Vietnam",null,"Asia Pacific","Accelerate High",0.2209972350981482,0.44388768669610346,-0.42238606476873825,0.28003646038800484,1.1110141705083474,null,-0.462622871932173,0.29334991935457211,9.5496879562664713E-2]
["Serbia",null,"Eastern Europe","Accelerate High",0.21639417158606841,0.57300973617466611,-4.6834672393233821E-2,6.3293696385554654E-2,0.40540332211166302,null,-0.38962789805611492,0.24904830240959419,0.4565988566021919]
["Botswana",null,"Africa","Accelerate High",0.20998221259908101,-0.34292395697254824,-0.19378928339664561,0.36597308422706015,0.13441216676927201,null,1.1100018003024958,0.40766772218164871,-0.20929311003330317]
["Belarus",null,"Eastern Europe","Accelerate High",0.19632986870527419,0.57115749270271354,-0.88476715179945409,2.149990217735636E-2,1.0075178541005025,null,-0.38235398680845767,0.28498012061897043,0.57130984152979458]
["Armenia",null,"Middle East","Accelerate High",0.16193023287119915,0.56059786083373508,3.7764268228701256E-2,0.41397721574330992,0.11926063263605925,null,-0.15539770654197657,-5.5731797801766458E-2,6.0484507911412036E-2]
["Macedonia",null,"Eastern Europe","Accelerate High",0.15805868365241132,0.60205778847653335,-0.23310386718705203,0.57347511071931723,-0.10087946463441934,null,6.7286303393303604E-2,-6.1882958143506653E-2,0.11054866241499946]
["Panama",null,"LATAM","Accelerate High",0.12215718074564809,0.51316062254434658,0.25310581584368719,-0.16981514831925909,3.3743840526770923E-2,null,2.8912638697930978E-2,0.11925867998915815,-3.8352106106628384E-2]
["Azerbaijan",null,"Middle East","Accelerate High",8.1241569954077095E-2,0.34783277682802549,-0.14964202122485079,0.29244167224984174,0.36951202844248676,null,-0.44444903828876492,-2.647702509628409E-2,0.10293382164772057]
["Albania",null,"Eastern Europe","Accelerate High",5.435926172172735E-2,0.62042919957822362,-0.16458531229579609,-3.956306684176876E-2,0.38601699181063504,null,-0.36762768412462982,-0.18891767429146059,8.3549787039979687E-2]
["Mongolia",null,"Asia Pacific","Accelerate High",4.3179010874916511E-2,9.9162284019875868E-2,-0.5683336674175038,0.24982236869967697,0.48744239468763545,null,3.150272577987985E-2,6.5683242907394829E-2,-0.10370579911933872]
["Trinidad and Tobago","Y","LATAM","Accelerate High",4.0975362097600956E-2,0.4384680639069935,-0.35555279455278149,-0.27080112885966773,0.39553383349296134,null,-0.43199980114307379,0.44900875234597487,2.3567170061033923E-2]
["Peru",null,"LATAM","Accelerate High",3.7578068225739919E-2,0.47068755162218517,-2.6744441461417991E-2,1.1176025785692396E-2,0.38798492162926823,null,-0.20004952199584924,0.10773852563349473,-0.52314938684112589]
["Colombia",null,"LATAM","Accelerate High",null,0.5735515042779793,6.2588898934777329E-2,-0.19610927901405323,0.22165253272611266,null,-0.36173292459510675,0.12020806212420262,-0.29119547002027751]
["Argentina",null,"LATAM","Accelerate High",1.5949571482946673E-3,0.62268391228876141,-0.39461262080230219,-0.51347271825402863,0.34502828394307722,null,-0.37276566468352723,0.13071651369804335,0.19208436327887396]
["Mexico",null,"LATAM","Accelerate Low",-3.9780455677677941E-2,0.54243025018527669,-8.8215356088941679E-3,-0.19480610469380033,0.11304193462406451,null,-0.3764373959043732,-0.23060552754278357,-8.578710877186739E-2]
["South Africa",null,"Africa","Accelerate Low",-5.9485864212350352E-2,-0.28325610640004667,-0.55280832607142938,0.22839776011359544,-0.65181178985520027,null,0.37745824635312986,0.50864355126612792,1.301804740358657E-2]
["Indonesia",null,"Asia Pacific","Accelerate Low",-6.4142212846990052E-2,0.19720073800198101,-0.53246402710227148,0.46211347772030031,0.17184062343256637,null,-0.53675447045410973,-6.8383079971240449E-2,-8.2119510619608038E-2]
["Bosnia and Herzegovina",null,"Eastern Europe","Accelerate Low",-7.2965262693984359E-2,0.63141329395881385,-0.2566783891031697,-0.12386845517758981,-0.26911828273069316,null,-0.42520548231551158,3.4013231399397652E-2,-3.2571200090405449E-2]
["Jamaica","Y","LATAM","Accelerate Low",-8.3863135168240621E-2,0.37126682290960933,3.0410662809857714E-2,3.7959354806741875E-2,-1.8318199350694637E-2,null,-0.412185018048423,-0.26433148729737993,-0.25283549505912456]
["Uzbekistan",null,"Asia Pacific","Accelerate Low",-9.7587131621635251E-2,0.36137487525292428,-1.0732739205993274,0.15104902539564635,0.58988726041916606,null,-0.48516627930000944,-0.21138306771573095,7.6340333683805953E-2]
["Morocco",null,"Africa","Accelerate Low",-0.10783851555415409,0.36178957633014291,-0.23236085706392764,0.69736441445177799,-1.3157637876307948,null,-0.43718205032101121,0.37674318984885113,-0.10386397940206513]
["Paraguay",null,"LATAM","Accelerate Low",-0.11069435987151582,0.46340938083767191,-5.7665188680100864E-2,-0.27378929893068998,0.19796140057421141,null,-0.36044373697380316,-1.5898313405690642E-2,-0.62414811810989856]
["Ukraine",null,"Eastern Europe","Accelerate Low",-0.12895007476480103,0.39032622521787413,-0.84351656165751532,-0.71166181467783363,0.51288655328855659,null,-0.38782322831523663,0.12790749572238699,0.13071640587867522]
["Moldova",null,"Eastern Europe","Accelerate Low",-0.13134740200720904,0.2755349450531846,-0.46196941586518919,0.44651402635325155,-0.33216787928429026,null,-0.34486997459454005,-0.2658890831531287,-0.11284027952877633]
["Kyrgyzstan",null,"Asia Pacific","Accelerate Low",-0.14794698646350132,0.2388066181199503,-0.37460442160055846,-0.25560149909635155,0.14206999544950216,null,-0.46101756857268511,-0.26954697153140139,8.3647786669461419E-2]
["Brazil",null,"LATAM","Accelerate Low",-0.14918909854125326,0.56221278435181177,-8.2525930428553954E-2,-1.0895153925368644,5.9679345149079889E-2,null,-0.32142938405144367,-0.16498262889907114,0.13279057179388282]
["El Salvador",null,"LATAM","Accelerate Low",-0.15447952924218308,0.45128417433436235,-0.16474616304339107,0.13261227406318687,-0.40730484990803051,null,-0.4846433078520348,0.22619972147336639,-0.68922131271667519]
["Jordan",null,"Middle East","Accelerate Low",-0.22928342687836489,0.4915825445525363,-0.11057358996902721,0.43931021622658029,-0.54740597593467522,null,-0.48955501752308933,-0.62038187412492241,-0.55194929283678906]
["Tunisia",null,"Africa","Accelerate Low",-0.24066810916783274,0.52758872308560201,-0.61770305833493744,0.16613642906347301,-0.8999538115170892,null,-0.40087167342084662,4.0691439921839691E-2,-0.27382815221345114]
["Iran",null,"Middle East","Accelerate Low",-0.24685610622974138,0.55140459615425619,-1.3400624772473182,-0.54141679336852255,-0.44967319875173772,null,-0.53333513798050969,0.59346218820313434,0.22419453535433673]
["Philippines",null,"Asia Pacific","Accelerate Low",-0.25223568791949574,0.14770669031617731,-0.34979923415087472,9.4182218425348019E-2,-0.23184199732813912,null,-0.56714199097854523,0.11503310853806092,-0.73615397806325866]
["Dominican Republic",null,"LATAM","Accelerate Low",-0.27054216342344684,0.32295039961251926,-0.11275092929792359,-0.37228340062149445,-0.26615591589422077,null,-0.40615705590673484,-0.30357519189494303,-0.50094164111424455]
["Ecuador",null,"LATAM","Accelerate Low",-0.27997075906847002,0.52794595048435689,-0.83737667362222357,-0.42691614254468752,0.22167805919621242,null,-0.25552928592719559,-0.56196973838277731,-0.363863267137506]
["Sri Lanka",null,"Asia Pacific","Accelerate Low",-0.31524980085809956,0.54079502380524136,-0.76992274409066941,-0.40577687642289734,-0.22134937180642023,null,-0.4940121952324551,-0.22769212218512355,-0.33178924503043766]
["Lebanon",null,"Middle East","Accelerate Low",-0.32992476733042186,0.61690364906112016,-0.36875653235338546,-0.48860409033551916,-0.69043873189692473,null,-0.3723820686448463,-0.51919239498355985,-0.17617664393827753]
["Cambodia",null,"Asia Pacific","Accelerate Low",-0.37791285718424006,-0.30557385715725938,-0.54590520216481653,-1.3402103382585284,0.31120510353146602,null,-0.53299182892099572,0.2619013184260624,-0.1377784130065578]
["Guatemala",null,"LATAM","Accelerate Low",-0.43149166726121235,0.27114485623423362,-0.17425892456098085,-2.3791738877000663E-2,-0.63252100231567598,null,-0.53765426643712733,-0.40643775033717067,-1.1104087446043274]
["Namibia",null,"Africa","Accelerate Low",-0.43630647584958815,-0.84066330781166887,-0.1787414331907341,0.41001732263501034,-0.24084225470168227,null,-0.35508692609630238,-0.58430595050152179,-0.85347258545698057]
["Egypt",null,"Middle East","Accelerate Low",-0.46033526957810872,0.37626467756506998,-0.19361364931011629,-0.59981087302942659,-1.3892290788614821,null,-0.50777959317482568,-0.26110732441680334,-0.21338300042409561]
["Ghana",null,"Africa","Accelerate Low",-0.49284104927605416,-0.53787442084789683,-0.16952834051847643,-0.18618172799496996,-0.80221338458375913,null,-0.56516429698929527,-0.10425423085690891,-0.62035876574288606]
["Algeria",null,"Africa","Accelerate Low",-0.54380486191915767,0.41864853340993813,-0.90987448925908321,-0.76600428299311285,-1.0814966657539056,null,-0.59326324570802036,-0.33637243482655521,-2.5945577947596662E-2]
["Honduras",null,"LATAM","Accelerate Low",-0.55222433263816184,0.37497481887450967,-0.2382768914172157,-0.62318847822072132,-0.48558030454814222,null,-0.46934129109539796,-1.0881384259930156,-0.81576178917067443]
["Kenya",null,"Africa","Accelerate Low",-0.56693590190058418,-0.96316881282313382,-0.46360012024495223,3.1870719597521286E-3,0.18598076533069161,null,-0.50784498212209794,-0.71836887288163476,-0.97061842846803725]
["Bolivia",null,"LATAM","Accelerate Low",-0.56719479310933363,0.15652434610413946,-1.2797611885472966,-1.2525092692218849,0.12696700361295704,null,-0.53361341390154304,-0.40371643846954025,-0.2498927523996565]
["Nicaragua",null,"LATAM","Accelerate Low",-0.57131859823735398,7.1714463267468553E-2,-0.3732869938123734,-0.72723191979099133,-0.30258012853689586,null,-0.3370388487481506,-0.91625040316267625,-0.87630942569116654]
["Rwanda",null,"Africa","Accelerate Low",-0.58200676049384981,-1.1538642591759605,-0.36728107618456707,0.99363377643169393,-0.35502746873588281,null,-0.50253768352147332,-1.0440583269833614,-1.0965958927662875]
["Gabon",null,"Africa","Accelerate Low",-0.60075935657775448,-0.35546641884684743,-0.29693597009840622,-1.8944847629911146,-0.20972966115267905,null,-0.57784791275652336,0.12234152031459257,-0.42720882514512315]
["India",null,"Asia Pacific","Accelerate Low",-0.62207041962908183,-1.3301225286328119E-2,-0.7097104303998073,0.19075238287148105,-1.1033329965592085,null,-0.55231868482934643,-0.798903475068242,-0.78161760379540046]
["Nepal",null,"Asia Pacific","Accelerate Low",-0.66437471093452627,-3.4277721447961186E-2,-1.382912738078335,-0.31114207136937688,-0.38545237482226091,null,-0.530737258190626,-0.44527917348120244,-0.93490529331297301]
["Zambia",null,"Africa","Accelerate Low",-0.71554063763907849,-1.4453193605850259,-0.47179715070619654,4.7060692245541269E-2,-0.11212696797093118,null,-0.53688930396967083,-0.88855822163149312,-0.92703369768509147]
["Côte d'Ivoire",null,"Africa","Accelerate Low",-0.79837910869086615,-1.4580500949373227,-2.0544823953799234E-2,-0.14974083596408527,-1.7417699562536793,null,-0.58946394124039991,-8.8852619335448357E-2,-0.78806779887024214]
["Timor-Leste","Y","Asia Pacific","Accelerate Low",-0.80147468079935036,-0.22274852667645992,-0.68069223481424812,-1.0654613242811171,-0.73415890329916667,null,-0.28329861905822701,-0.7616393665917377,-1.1072437204986605]
["Bangladesh",null,"Asia Pacific","Accelerate Low",-0.81886514514680342,0.17738711673679608,-0.65683300257655131,-1.2078145936777538,-0.98640317659568844,null,-0.64379482636789453,-0.97498491241066521,-0.66814876053193994]
["Myanmar",null,"Asia Pacific","Accelerate Low",-0.84730913118648377,-0.60849378634624751,-0.9829896289496739,-0.75078666126493898,-0.76130283390695808,null,-0.59895886985176283,-0.69814323352109653,-0.7322275822626314]
["Tajikistan",null,"Asia Pacific","Accelerate Low",-0.85313234625321399,-8.08972261334506E-2,-1.082326369779774,-0.89046918699048128,-0.66476832089468851,null,-0.59537230286746678,-0.76322703252592672,-1.0911185331873583]
["Senegal",null,"Africa","Accelerate Low",-0.86168643044471671,-0.54983002363892342,-0.36210617402925299,-0.35660596750725754,-1.9455759497413438,null,-0.61186628188787584,-0.48418506163373193,-0.9098291855786288]
["Zimbabwe",null,"Africa","Accelerate Low",-0.86611784758360888,-1.5277072493687573,-1.0827196471043896,-0.8476612140377785,0.42281782567549686,null,-0.45382024148556965,-0.97867514732433969,-0.77907799268930988]
["Iraq",null,"Middle East","Accelerate Low",-0.88172802391981775,0.25293595738537633,-1.3821687575458201,-1.0738373457618935,-1.2467930087964532,null,-0.62237503196622379,-0.59123493869044497,-0.67793521835096604]
["Laos",null,"Asia Pacific","Accelerate Low",-0.88709684115615561,-0.24288549261325976,-0.88257742652168114,-1.126410521335709,-0.1381884602332703,null,-0.60153898380369153,-1.2790289459108648,-1.1033021990751655]
["Lesotho",null,"Africa","Accelerate Low",-0.92514761226768927,-1.8758146193660135,-0.4781230123099639,-0.55084299230578493,-0.43047209148731919,null,-0.36142597458571601,-0.91641520887242189,-0.9913453853963462]
["Tanzania",null,"Africa","Accelerate Low",-0.94334332566570167,-1.418810007981621,-0.46445114780713997,-0.83585529894116073,-5.8239479271811397E-2,null,-0.62916837670713766,-1.0839392791684004,-1.2242032620494265]
["Uganda",null,"Africa","Accelerate Low",-0.97414505473189927,-1.4911773460236484,-0.47744192508826316,-0.24522203499785289,-0.41916609378318986,null,-0.57481749829940731,-1.6060476920874096,-1.0873876421135891]
["Togo",null,"Africa","Activate",-1.0302525706381978,-1.4369037949529044,-0.37497832033861656,-0.54599839031527841,-1.0827497880684047,null,-0.6019096860445533,-1.1771024988355041,-1.021510720237587]
["Pakistan",null,"Asia Pacific","Activate",-1.0627452133462503,-0.64454236974560697,-0.36548997754963686,-0.84802016132026692,-1.8864946525240405,null,-0.62475884431671147,-1.1918279826966087,-0.87685595412800788]
["Cameroon",null,"Africa","Activate",-1.0738095504466261,-1.5029126984681631,-0.98203788538008041,-1.3268038303150136,-0.19023351857895832,null,-0.57912771338725677,-0.78800198312471526,-1.1358988120178626]
["Venezuela",null,"LATAM","Activate",-1.0781730706389168,0.25174627335075495,-1.534408721346513,-3.0744107365908544,-0.10146046225169546,null,-0.58799362449678494,-0.80552409022638582,-0.67939879002807479]
["Malawi",null,"Africa","Activate",-1.0862653958826938,-1.5066015154249077,-0.5737747023364651,-0.4756541272102337,-0.71445993892810267,null,-0.63470421958307799,-1.5354640756731295,-1.1398139607491395]
["Benin",null,"Africa","Activate",-1.1633847969503146,-1.8026792320248333,-0.5681367070711717,-0.80454579298236661,-1.1316275537438147,null,-0.60605826764593773,-0.88719884825970363,-1.2474067212492195]
["Mali",null,"Africa","Activate",-1.1751096654049664,-1.5644161582006253,-0.27187515110684474,-1.0723997993717245,-2.0951107006734286,null,-0.62348231037175239,-0.55031952329770362,-0.94107740295820241]
["Mozambique",null,"Africa","Activate",-1.194790952102611,-1.8413532085595397,-0.87479504407453523,-0.38296929644543071,-0.81150133224232757,null,-0.40655837915778492,-1.5837431081189115,-1.336987679507331]
["Haiti","Y","LATAM","Activate",-1.2179817280741052,-1.4014475067651002,-0.67904289081734281,-0.99135677814443413,-1.2380425089206351,null,-0.64288393197038696,-1.1991802271526941,-1.2264412943575933]
["Congo",null,"Africa","Activate",-1.2357057173712374,-1.0949583852283931,-0.88109536422729828,-1.8853963962724511,-0.46925850176885447,null,-0.61186628188787584,-1.1254963348086142,-1.4176937904481259]
["Angola",null,"Africa","Activate",-1.2413564575316676,-1.7629360776600778,-0.98243240909547358,-0.84558772259469517,-0.75482356132577466,null,-0.57421427111986356,-1.3295399592459911,-1.2704625964591441]
["Nigeria",null,"Africa","Activate",-1.2508667455141453,-1.9363637386010535,-0.66919501669125414,-0.86433366701155057,-1.6907600454311098,null,-0.56076182182783296,-0.73388983352774995,-1.1223047201401877]
["Mauritania",null,"Africa","Activate",-1.2527522569128182,-1.3708862354194868,-0.57996070300290803,-1.0815179465444682,-2.1857956087345438,null,-0.61933372877036796,-0.84209585246895013,-0.909440982446586]
["Burkina Faso",null,"Africa","Activate",-1.2702473476177671,-2.3150651058730007,-0.26668023695343868,-1.074622818410665,-1.5310249123617383,null,-0.62348231037175239,-0.88336493785288639,-1.0007740103725724]
["Ethiopia",null,"Africa","Activate",-1.2821403498049078,-1.4579655370241393,-0.87825855512015216,-0.83179627727397487,-1.1865395792047555,null,-0.60714468070651173,-1.5743613590517904,-1.2309948018959196]
["Guinea",null,"Africa","Activate",-1.3193236849238408,-1.8920682351803053,-0.58010261798106899,-1.1668290585284651,-1.6565401203054912,null,-0.61767429612981428,-0.87049791753473971,-1.2086009706079683]
["Sierra Leone",null,"Africa","Activate",-1.3772906802210754,-2.4291052932257347,-0.3762242870220574,-0.5259406075664208,-2.0716498182748255,null,-0.58944606520680054,-1.126047224201713,-1.2250574023766181]
["Papua New Guinea",null,"Asia Pacific","Activate",-1.3830875165823087,-1.3788175690647058,-1.0847443388574263,-0.60561437953240327,-1.7555445846891486,null,-0.59967486155442351,-1.6448723734290152,-1.3093191678174447]
["Yemen",null,"Middle East","Activate",-1.3902233092126732,-1.0898541719778672,-0.57812963332274991,-1.6056383550625437,-1.8515769416856172,null,-0.57117423234778608,-1.3622081255707024,-1.36323363723193]
["Madagascar",null,"Africa","Activate",-1.3951817474278672,-1.5971360488951756,-0.47584333332978518,-2.6128321565059096,-0.20046206281782514,null,-0.62958843795781794,-1.6775327954781152,-1.2584579184260003]
["Sudan",null,"Africa","Activate",-1.3980956023394033,-1.3281262855189846,-1.4798572041149711,-0.95728814168157028,-1.8611353396655672,null,-0.62014836373177429,-1.073378903487477,-1.1495703177102155]
["Niger",null,"Africa","Activate",-1.5083120091144495,-2.2200976353191213,-0.47830574344850496,-0.59225144817452524,-2.0843174371590707,null,-0.64339550205839791,-1.7450370538875766,-1.3737782249133066]
["Afghanistan",null,"Asia Pacific","Activate",-1.5314613313199525,-0.67578819786599209,-1.380698738272184,-1.5197475400764644,-2.1978086279147599,null,-0.63343890621507504,-1.5703700221610619,-1.2995669802655223]
["Democratic Republic of the Congo",null,"Africa","Activate",-1.556508541285224,-2.3272566758505757,-0.98137651742028398,-1.3850116317612744,-1.1236934566711934,null,-0.64671436733950538,-1.6563520881578278,-1.3087474321290415]
["Liberia",null,"Africa","Activate",-1.5622966336279955,-1.6412514907073208,-0.47789356447908177,-2.6213993609959396,-1.3050296881964722,null,-0.64920351630033601,-1.3956392135129272,-1.3737989419361223]
["Eritrea",null,"Africa","Activate",-1.6336911531518428,-1.3139159911577873,-1.5899466588933127,-1.801714600065216,-1.0012303889806642,null,-0.61933372877036796,-2.1023964239774204,-1.468177884406483]
["Chad",null,"Africa","Activate",-1.8716325320666374,-2.9177372171212523,-0.32804195422264448,-2.1823124918767904,-2.2316535308365144,null,-0.641736069417844,-1.6004026919402181,-1.436253601704812]
["Central African Republic",null,"Africa","Activate",-1.8918735167915053,-3.0085258082509774,-0.68033285343929795,-2.2539645652097993,-1.5357982107508419,null,-0.64339550205839791,-1.9142241103158384,-1.4245140963760345]